base 3) to base 8
-2
1a (base 13) to base 14
19
Convert -5 (base 10) to base 4.
-11
What is 1 (base 2) in base 6?
1
What is -22001 (base 3) in base 12?
-161
Convert -1 (base 9) to base 3.
-1
-141 (base 5) to base 11
-42
What is 45 (base 7) in base 2?
100001
What is 14 (base 13) in base 14?
13
Convert -54 (base 7) to base 2.
-100111
What is -3 (base 12) in base 4?
-3
What is 111101 (base 2) in base 14?
45
6 (base 13) to base 11
6
109 (base 14) to base 4
3031
What is 148 (base 11) in base 8?
255
Convert 1e (base 16) to base 15.
20
What is 20 (base 7) in base 15?
e
Convert -22 (base 6) to base 15.
-e
Convert -1130 (base 5) to base 2.
-10100101
Convert 8 (base 11) to base 16.
8
What is 1 (base 2) in base 12?
1
What is -39 (base 16) in base 7?
-111
-7 (base 13) to base 8
-7
-3 (base 15) to base 16
-3
Convert 0 (base 11) to base 6.
0
Convert -14 (base 14) to base 10.
-18
What is -2 (base 4) in base 16?
-2
68 (base 12) to base 3
2222
-262 (base 7) to base 3
-12021
-3 (base 5) to base 13
-3
What is -74 (base 12) in base 8?
-130
What is 6 (base 16) in base 6?
10
What is -2 (base 13) in base 9?
-2
Convert -4 (base 7) to base 2.
-100
Convert -3 (base 13) to base 12.
-3
Convert -3 (base 7) to base 2.
-11
254 (base 6) to base 8
152
Convert 11 (base 3) to base 5.
4
Convert -23 (base 13) to base 10.
-29
-2 (base 12) to base 11
-2
Convert 224 (base 5) to base 12.
54
-18b (base 13) to base 15
-13e
101111 (base 2) to base 5
142
1 (base 16) to base 13
1
What is -2 (base 3) in base 6?
-2
-4 (base 16) to base 13
-4
What is -10110110 (base 2) in base 11?
-156
-35 (base 16) to base 11
-49
Convert -27 (base 8) to base 9.
-25
What is 1 (base 16) in base 2?
1
What is 12 (base 5) in base 7?
10
Convert 0 (base 11) to base 5.
0
-9 (base 10) to base 12
-9
-1221 (base 3) to base 13
-40
What is -3 (base 4) in base 6?
-3
Convert -70 (base 9) to base 3.
-2100
Convert -34 (base 13) to base 9.
-47
5 (base 6) to base 5
10
Convert 13 (base 6) to base 15.
9
-69 (base 11) to base 16
-4b
-54 (base 12) to base 8
-100
-240 (base 7) to base 4
-1332
-2a (base 12) to base 4
-202
Convert 1 (base 5) to base 12.
1
Convert -100100 (base 2) to base 12.
-30
Convert 4a (base 11) to base 5.
204
Convert -14 (base 11) to base 16.
-f
-23 (base 5) to base 9
-14
What is 0 (base 15) in base 12?
0
What is 17 (base 9) in base 16?
10
-10 (base 3) to base 9
-3
Convert 12 (base 4) to base 12.
6
What is 3 (base 6) in base 5?
3
132 (base 9) to base 13
86
What is -11 (base 14) in base 12?
-13
1204 (base 6) to base 10
292
What is -62 (base 16) in base 13?
-77
d4 (base 15) to base 3
21101
What is 16 (base 9) in base 15?
10
What is 2 (base 14) in base 15?
2
51 (base 14) to base 10
71
11 (base 5) to base 12
6
What is f (base 16) in base 12?
13
What is 38 (base 10) in base 14?
2a
Convert -1212 (base 3) to base 12.
-42
-1 (base 13) to base 15
-1
-8 (base 11) to base 5
-13
Convert 13 (base 15) to base 7.
24
What is -10 (base 9) in base 5?
-14
-10 (base 15) to base 16
-f
2e (base 16) to base 10
46
114 (base 5) to base 3
1021
What is 10001 (base 2) in base 16?
11
What is 11 (base 6) in base 13?
7
What is -4 (base 11) in base 10?
-4
Convert -6 (base 10) to base 9.
-6
Convert 6 (base 13) to base 5.
11
Convert -3 (base 4) to base 3.
-10
2 (base 3) to base 13
2
What is 100 (base 2) in base 6?
4
Convert 4 (base 10) to base 5.
4
Convert 134 (base 5) to base 14.
32
What is 2 (base 9) in base 10?
2
Convert -1101 (base 2) to base 15.
-d
1100110 (base 2) to base 11
93
Convert 23 (base 12) to base 10.
27
-100 (base 5) to base 7
-34
4 (base 5) to base 13
4
d0 (base 15) to base 13
120
What is -32 (base 9) in base 6?
-45
Convert -21 (base 14) to base 15.
-1e
-20 (base 3) to base 8
-6
What is 10000 (base 2) in base 6?
24
Convert 9 (base 12) to base 8.
11
-d (base 14) to base 4
-31
What is -100110110 (base 2) in base 5?
-2220
Convert 31 (base 6) to base 10.
19
What is -3 (base 16) in base 10?
-3
What is -13 (base 15) in base 5?
-33
Convert -100011 (base 3) to base 14.
-139
Convert 101 (base 3) to base 15.
a
Convert 1223 (base 6) to base 15.
153
5 (base 12) to base 6
5
Convert 367 (base 10) to base 7.
1033
Convert -16 (base 9) to base 16.
-f
100 (base 3) to base 8
11
3 (base 4) to base 14
3
-e (base 15) to base 2
-1110
20 (base 4) to base 2
1000
2 (base 16) to base 13
2
What is -10 (base 8) in base 13?
-8
Convert 206 (base 8) to base 7.
251
Convert -23 (base 11) to base 12.
-21
Convert 321 (base 5) to base 6.
222
4 (base 12) to base 2
100
Convert 16 (base 7) to base 9.
14
What is -2a (base 12) in base 15?
-24
72 (base 15) to base 13
83
10 (base 3) to base 10
3
What is -3 (base 12) in base 11?
-3
-1 (base 4) to base 15
-1
What is -27 (base 8) in base 11?
-21
What is -100 (base 3) in base 7?
-12
Convert 16 (base 11) to base 3.
122
Convert 5 (base 12) to base 11.
5
What is -21120 (base 3) in base 16?
-cc
-134 (base 5) to base 2
-101100
Convert 7 (base 16) to base 8.
7
Convert 1 (base 6) to base 8.
1
What is -101 (base 6) in base 5?
-122
-74 (base 16) to base 7
-224
-4 (base 5) to base 9
-4
Convert -49 (base 10) to base 9.
-54
Convert -300 (base 4) to base 12.
-40
Convert 5c (base 13) to base 12.
65
-144 (base 8) to base 2
-1100100
What is 4 (base 13) in base 12?
4
What is 7 (base 13) in base 4?
13
What is 11 (base 6) in base 11?
7
Convert -144 (base 8) to base 3.
-10201
-3 (base 5) to base 11
-3
Convert 12 (base 14) to base 2.
10000
3 (base 8) to base 13
3
8b (base 13) to base 14
83
Convert -21 (base 10) to base 4.
-111
42 (base 10) to base 2
101010
Convert 0 (base 4) to base 12.
0
Convert -2 (base 7) to base 14.
-2
Convert 2 (base 7) to base 9.
2
Convert -1 (base 12) to base 11.
-1
Convert -43 (base 8) to base 11.
-32
Convert -457 (base 9) to base 11.
-312
40 (base 15) to base 12
50
Convert 1 (base 5) to base 7.
1
Convert 202 (base 4) to base 8.
42
1 (base 5) to base 2
1
Convert 18 (base 10) to base 13.
15
What is 13 (base 8) in base 12?
b
b9 (base 13) to base 14
ac
What is 0 (base 9) in base 10?
0
What is 11 (base 7) in base 12?
8
8 (base 11) to base 14
8
b (base 14) to base 8
13
254 (base 7) to base 3
12002
What is -12 (base 12) in base 5?
-24
What is 0 (base 12) in base 14?
0
-3 (base 10) to base 13
-3
What is 4 (base 7) in base 6?
4
22 (base 6) to base 8
16
9 (base 15) to base 14
9
Convert -2 (base 9) to base 14.
-2
Convert -10a (base 13) to base 2.
-10110011
-14 (base 7) to base 10
-11
-29 (base 10) to base 5
-104
Convert -4 (base 13) to base 3.
-11
a (base 16) to base 7
13
4 (base 9) to base 7
4
What is 18 (base 15) in base 3?
212
12 (base 12) to base 2
1110
2 (base 13) to base 9
2
Convert -2 (base 3) to base 12.
-2
Convert -2101 (base 3) to base 16.
-40
Convert -b (base 12) to base 9.
-12
Convert 10001 (base 3) to base 7.
145
-10100000 (base 2) to base 15
-aa
Convert 3 (base 8) to base 4.
3
8 (base 16) to base 15
8
What is 10110 (base 2) in base 12?
1a
Convert 9 (base 16) to base 2.
1001
What is -59 (base 15) in base 11?
-77
111 (base 4) to base 12
19
-18 (base 10) to base 4
-102
Convert -321 (base 6) to base 14.
-89
4 (base 6) to base 5
4
113 (base 14) to base 2
11010101
Convert -21 (base 7) to base 5.
-30
-34 (base 13) to base 10
-43
-1441 (base 6) to base 12
-281
0 (base 13) to base 9
0
What is 12020 (base 4) in base 7?
1100
What is 3101 (base 4) in base 5?
1314
-c (base 15) to base 8
-14
Convert 23 (base 12) to base 11.
25
What is -3 (base 6) in base 14?
-3
-10 (base 2) to base 5
-2
Convert 7 (base 9) to base 2.
111
What is 11 (base 12) in base 15?
d
-121 (base 6) to base 2
-110001
What is -23 (base 13) in base 15?
-1e
Convert e (base 15) to base 13.
11
What is -103 (base 13) in base 16?
-ac
-e (base 15) to base 5
-24
Convert -7 (base 10) to base 3.
-21
What is -2 (base 16) in base 6?
-2
What is -11 (base 2) in base 9?
-3
What is -1 (base 16) in base 3?
-1
Convert 22 (base 9) to base 2.
10100
What is 10 (base 4) in base 7?
4
What is -a5 (base 16) in base 3?
-20010
What is -4 (base 10) in base 16?
-4
What is -3 (base 5) in base 14?
-3
Convert -18 (base 14) to base 7.
-31
-93 (base 12) to base 10
-111
What is 110 (base 3) in base 14?
c
What is -10011 (base 2) in base 12?
-17
Convert -5a (base 16) to base 14.
-66
-51 (base 6) to base 8
-37
Convert a (base 11) to base 2.
1010
Convert -20 (base 3) to base 12.
-6
Convert 2 (bas